6030975?
3, 5, 97, 829
List the prime factors of 1094912.
2, 7, 13, 47
List the prime factors of 5461037.
19, 197, 1459
List the prime factors of 12470631.
3, 19, 218783
What are the prime factors of 19627816?
2, 13, 188729
List the prime factors of 8979916.
2, 11, 127, 1607
What are the prime factors of 811899?
3, 11, 59, 139
List the prime factors of 75897.
3, 937
List the prime factors of 630534.
2, 3, 19, 5531
What are the prime factors of 282755?
5, 11, 53, 97
List the prime factors of 248537.
248537
What are the prime factors of 4681444?
2, 1170361
What are the prime factors of 13550316?
2, 3, 13, 86861
List the prime factors of 519850.
2, 5, 37, 281
List the prime factors of 2144178.
2, 3, 59, 673
List the prime factors of 438884.
2, 109721
List the prime factors of 35622.
2, 3, 1979
List the prime factors of 502029.
3, 11, 461
What are the prime factors of 264820?
2, 5, 13241
What are the prime factors of 376954?
2, 41, 4597
What are the prime factors of 6022925?
5, 103, 2339
List the prime factors of 33475379.
7, 97, 7043
What are the prime factors of 218771?
7, 31253
What are the prime factors of 6611?
11, 601
List the prime factors of 6549496.
2, 818687
List the prime factors of 196406.
2, 7, 14029
What are the prime factors of 6388511?
31, 206081
List the prime factors of 12097711.
271, 44641
List the prime factors of 104384.
2, 7, 233
List the prime factors of 17445075.
3, 5, 163, 1427
List the prime factors of 413985.
3, 5, 11, 13, 193
List the prime factors of 34415268.
2, 3, 23, 124693
List the prime factors of 104217.
3, 34739
List the prime factors of 12145293.
3, 17, 163, 487
List the prime factors of 269533.
11, 107, 229
What are the prime factors of 449406?
2, 3, 24967
What are the prime factors of 596960?
2, 5, 7, 13, 41
List the prime factors of 28442731.
28442731
What are the prime factors of 12191579?
12191579
What are the prime factors of 231966?
2, 3, 7, 263
List the prime factors of 234194.
2, 19, 6163
List the prime factors of 1210432.
2, 18913
List the prime factors of 2553003.
3, 331, 857
What are the prime factors of 5526241?
7, 17, 46439
List the prime factors of 1231655.
5, 313, 787
What are the prime factors of 245349?
3, 13, 233
List the prime factors of 458361.
3, 50929
List the prime factors of 8611622.
2, 17, 47, 317
List the prime factors of 5268338.
2, 401, 6569
List the prime factors of 3487077.
3, 11, 59, 199
List the prime factors of 3070756.
2, 13, 59053
List the prime factors of 1861334.
2, 930667
What are the prime factors of 17642805?
3, 5, 1176187
List the prime factors of 7819267.
97, 80611
List the prime factors of 5842864.
2, 365179
List the prime factors of 732531.
3, 244177
List the prime factors of 30645.
3, 5, 227
List the prime factors of 201525.
3, 5, 2687
List the prime factors of 535484.
2, 59, 2269
List the prime factors of 854609.
7, 107, 163
What are the prime factors of 14626755?
3, 5, 11, 13, 2273
What are the prime factors of 1223945?
5, 23, 29, 367
What are the prime factors of 6732825?
3, 5, 11, 8161
What are the prime factors of 2785092?
2, 3, 232091
What are the prime factors of 1066653?
3, 7, 16931
List the prime factors of 365868.
2, 3, 10163
List the prime factors of 14339704.
2, 17, 97, 1087
What are the prime factors of 8211439?
19, 41, 83, 127
What are the prime factors of 19352?
2, 41, 59
What are the prime factors of 737100?
2, 3, 5, 7, 13
List the prime factors of 518016.
2, 3, 19, 71
List the prime factors of 79587.
3, 37, 239
List the prime factors of 150135.
3, 5, 10009
What are the prime factors of 973567?
7, 23, 6047
What are the prime factors of 938142?
2, 3, 5791
What are the prime factors of 204499?
37, 5527
What are the prime factors of 5271663?
3, 1757221
What are the prime factors of 5047488?
2, 3, 23, 127
What are the prime factors of 24612226?
2, 17, 709, 1021
What are the prime factors of 2392582?
2, 47, 25453
What are the prime factors of 9462281?
113, 83737
List the prime factors of 340226.
2, 67, 2539
List the prime factors of 1513935.
3, 5, 17, 1979
What are the prime factors of 10737477?
3, 409, 2917
List the prime factors of 1416287.
17, 83311
List the prime factors of 4905835.
5, 11, 191, 467
List the prime factors of 703192.
2, 7, 29, 433
What are the prime factors of 2573879?
7, 11, 33427
List the prime factors of 491690.
2, 5, 49169
What are the prime factors of 448899?
3, 11, 61, 223
What are the prime factors of 9743653?
9743653
What are the prime factors of 3488547?
3, 43, 27043
List the prime factors of 1861351.
1861351
List the prime factors of 5754188.
2, 11, 19, 6883
List the prime factors of 834.
2, 3, 139
List the prime factors of 1525595.
5, 305119
What are the prime factors of 626732?
2, 156683
List the prime factors of 103787.
103787
List the prime factors of 569711.
569711
What are the prime factors of 453838?
2, 7, 11, 421
List the prime factors of 7233032.
2, 179, 5051
What are the prime factors of 1618?
2, 809
List the prime factors of 173183.
173183
List the prime factors of 208925.
5, 61, 137
List the prime factors of 571800.
2, 3, 5, 953
What are the prime factors of 7175?
5, 7, 41
What are the prime factors of 12109110?
2, 3, 5, 13, 61, 509
List the prime factors of 19941042.
2, 3, 11, 227
List the prime factors of 13326681.
3, 41, 108347
List the prime factors of 5700431.
11, 47111
List the prime factors of 144408.
2, 3, 11, 547
What are the prime factors of 20440940?
2, 5, 13, 29, 2711
What are the prime factors of 1802486?
2, 7, 128749
What are the prime factors of 1829525?
5, 73181
List the prime factors of 1222879.
7, 97, 1801
List the prime factors of 50772.
2, 3, 4231
List the prime factors of 115387.
19, 6073
What are the prime factors of 10055802?
2, 3, 1675967
What are the prime factors of 7751869?
2719, 2851
What are the prime factors of 305123?
7, 13, 479
List the prime factors of 5670128.
2, 354383
What are the prime factors of 3477734?
2, 13, 181, 739
List the prime factors of 4086777.
3, 53, 25703
What are the prime factors of 505297?
13, 47, 827
What are the prime factors of 920953?
11, 29, 2887
What are the prime factors of 5667817?
17, 101, 3301
What are the prime factors of 46289?
41, 1129
List the prime factors of 373984.
2, 13, 29, 31
What are the prime factors of 152391?
3, 79, 643
What are the prime factors of 424162?
2, 212081
List the prime factors of 9328136.
2, 59, 19763
List the prime factors of 989849.
7, 20201
List the prime factors of 48083.
7, 6869
List the prime factors of 3702695.
5, 421, 1759
What are the prime factors of 323957?
323957
What are the prime factors of 1452866?
2, 97, 7489
What are the prime factors of 10480386?
2, 3, 7, 249533
List the prime factors of 10663027.
10663027
What are the prime factors of 636425?
5, 25457
What are the prime factors of 179976?
2, 3, 7499
What are the prime factors of 643269?
3, 11, 101, 193
What are the prime factors of 516462?
2, 3, 86077
List the prime factors of 13920384.
2, 3, 36251
What are the prime factors of 221729?
221729
What are the prime factors of 7261295?
5, 17, 85427
List the prime factors of 2381328.
2, 3, 23, 719
List the prime factors of 3597222.
2, 3, 599537
List the prime factors of 309919.
41, 7559
What are the prime factors of 4387543?
4387543
What are the prime factors of 4384618?
2, 7, 44741
What are the prime factors of 16012857?
3, 7, 97, 1123
What are the prime factors of 20375418?
2, 3, 7, 17, 28537
What are the prime factors of 3911?
3911
List the prime factors of 2827629.
3, 7, 4987
List the prime factors of 83911.
83911
List the prime factors of 145126.
2, 149, 487
List the prime factors of 20774257.
7, 2967751
What are the prime factors of 2039999?
13, 12071
What are the prime factors of 706888?
2, 7, 13, 971
What are the prime factors of 131357?
131357
What are the prime factors of 550730?
2, 5, 55073
List the prime factors of 10628.
2, 2657
List the prime factors of 131334.
2, 3, 7, 53, 59
List the prime factors of 44782170.
2, 3, 5, 1492739
List the prime factors of 1209384.
2, 3, 11, 509
List the prime factors of 3686161.
17, 29, 7477
List the prime factors of 6353623.
1319, 4817
What are the prime factors of 23554499?
23554499
What are the prime factors of 463055?
5, 37, 2503
List the prime factors of 952